71 composite?
True
Is 785933 prime?
False
Is 2422027 prime?
True
Is 1467799 a composite number?
True
Is 2137907 composite?
False
Is 38464891 prime?
True
Is 42626809 prime?
True
Is 794411 a prime number?
False
Is 87883 a prime number?
False
Is 14535295 prime?
False
Is 21301145 a composite number?
True
Is 3650003 composite?
True
Is 164767 composite?
False
Is 85178569 prime?
False
Is 134400869 a prime number?
True
Is 5141093 prime?
True
Is 5070629 a prime number?
False
Is 4948333 a composite number?
True
Is 383909 a prime number?
True
Is 20516783 composite?
True
Is 730943 a composite number?
False
Is 172265623 prime?
True
Is 858073 a prime number?
True
Is 151576855 a prime number?
False
Is 26062259 composite?
False
Is 444991 a prime number?
False
Is 507233401 composite?
True
Is 145348889 prime?
False
Is 2624173 composite?
False
Is 22117201 a prime number?
False
Is 1527717713 a composite number?
False
Is 373314113 a composite number?
True
Is 267290929 a prime number?
True
Is 29789 prime?
True
Is 132430657 a prime number?
False
Is 7197373 a composite number?
True
Is 19603711 a prime number?
False
Is 136098811 composite?
True
Is 99959 prime?
False
Is 116199469 prime?
True
Is 85714009 a composite number?
False
Is 4410967 a composite number?
True
Is 3839611 prime?
True
Is 89058649 a prime number?
True
Is 97933063 a composite number?
False
Is 1612452319 prime?
True
Is 75905527 composite?
True
Is 4706601 a composite number?
True
Is 931067 composite?
False
Is 587413 composite?
False
Is 1297019 prime?
True
Is 2304923 prime?
False
Is 93058769 a composite number?
False
Is 1076393 prime?
False
Is 767270663 prime?
True
Is 1489351 composite?
False
Is 618557 a composite number?
True
Is 18129719 a prime number?
True
Is 1110533 a composite number?
False
Is 3472451 composite?
False
Is 7359293 composite?
True
Is 28558727 a prime number?
False
Is 502585001 composite?
False
Is 319727 prime?
True
Is 4213753 prime?
True
Is 2451013 composite?
True
Is 1272990653 a composite number?
True
Is 20285257 composite?
True
Is 57921131 a prime number?
True
Is 283369 prime?
True
Is 491568451 a composite number?
True
Is 64111709 a composite number?
True
Is 28174757 composite?
True
Is 10815131 prime?
False
Is 2705861 a composite number?
True
Is 943837 a composite number?
False
Is 12416531 a composite number?
False
Is 357970099 a prime number?
False
Is 203042383 composite?
True
Is 81675817 a prime number?
True
Is 944690423 composite?
False
Is 672233 prime?
False
Is 9706771 a prime number?
True
Is 54546917 a composite number?
True
Is 3851803 a composite number?
True
Is 536053 a prime number?
False
Is 8794367 prime?
True
Is 886493 a composite number?
False
Is 9150349 prime?
False
Is 958352363 composite?
False
Is 406118357 composite?
False
Is 7745189 a composite number?
False
Is 59313989 composite?
True
Is 3273737 composite?
False
Is 2520881 prime?
False
Is 164201111 composite?
False
Is 641970203 prime?
False
Is 58002667 composite?
True
Is 2075417 composite?
False
Is 24478219 a composite number?
True
Is 19999117 prime?
True
Is 140657117 a prime number?
True
Is 265342573 composite?
False
Is 83863441 a prime number?
False
Is 5408401 composite?
True
Is 5131907 a prime number?
False
Is 18849011 composite?
False
Is 18935659 prime?
False
Is 320717 prime?
False
Is 60028897 a prime number?
True
Is 14359187 prime?
True
Is 4174253 composite?
True
Is 264259679 a prime number?
False
Is 1107881 a composite number?
False
Is 31180607 composite?
False
Is 554662379 a prime number?
True
Is 13331021 a prime number?
False
Is 5574641 composite?
True
Is 1786007 a composite number?
True
Is 24941087 prime?
False
Is 37308497 a prime number?
True
Is 3661297 prime?
False
Is 112170385 composite?
True
Is 9930359 a prime number?
False
Is 9565922 composite?
True
Is 751804229 composite?
True
Is 267808953 prime?
False
Is 82029455 a prime number?
False
Is 276113 composite?
False
Is 4157807 a composite number?
False
Is 1414318 a prime number?
False
Is 110455669 a prime number?
True
Is 65078807 a composite number?
True
Is 188906237 composite?
True
Is 152632021 composite?
True
Is 3055417 composite?
False
Is 146249093 prime?
True
Is 2330719 composite?
False
Is 2554954 a prime number?
False
Is 365648189 composite?
True
Is 34106279 a prime number?
True
Is 85077977 composite?
False
Is 3139187 composite?
False
Is 404372087 prime?
False
Is 3712697 composite?
False
Is 466159 prime?
False
Is 23040239 a composite number?
True
Is 4442909 a composite number?
False
Is 8321991 a prime number?
False
Is 769935833 a composite number?
True
Is 1994977 a prime number?
True
Is 1787161 a composite number?
False
Is 881750693 a composite number?
True
Is 58605619 a prime number?
True
Is 7395559 a prime number?
True
Is 8467993 composite?
True
Is 39620687 prime?
False
Is 7194871 prime?
False
Is 4704941 a prime number?
False
Is 154490689 composite?
True
Is 11587495 composite?
True
Is 7410553 a composite number?
False
Is 55272887 composite?
True
Is 23175433 composite?
True
Is 551681 a composite number?
True
Is 2963 composite?
False
Is 24606371 prime?
True
Is 114836141 prime?
False
Is 1810322 a prime number?
False
Is 4485301 prime?
True
Is 49812827 prime?
False
Is 11527315 a composite number?
True
Is 20643757 prime?
True
Is 450889319 composite?
False
Is 1736081 composite?
True
Is 86132639 composite?
True
Is 52406511 a composite number?
True
Is 32863991 prime?
True
Is 142257 composite?
True
Is 58296529 a composite number?
False
Is 143084507 composite?
True
Is 66822637 composite?
True
Is 6217885 a composite number?
True
Is 2035471 composite?
True
Is 2722399 prime?
True
Is 26473063 a prime number?
False
Is 27248521 a composite number?
False
Is 19873079 composite?
False
Is 2040497 a prime number?
True
Is 706111999 a prime number?
False
Is 3024407 a composite number?
False
Is 1232123 prime?
False
Is 17218813 composite?
True
Is 16670671 a composite number?
True
Is 4067293 a prime number?
False
Is 89192351 a prime number?
True
Is 14066453 composite?
False
Is 216565 a composite number?
True
Is 6173117 prime?
False
Is 8243033 composite?
False
Is 166684327 prime?
False
Is 1447471 a prime number?
True
Is 27861367 a composite number?
False
Is 622631 prime?
False
Is 550111 prime?
True
Is 21314729 a prime number?
True
Is 521599 a prime number?
False
Is 89441633 a composite number?
True
Is 556336289 a prime number?
True
Is 1572743 a prime number?
False
Is 15488881 composite?
False
Is 67740949 prime?
True
Is 37809689 composite?
True
Is 4205881 prime?
False
Is 41154413 a composite number?
False
Is 71068435 composite?
True
Is 2839754 a prime number?
False
Is 371222731 composite?
True
Is 18603103 composite?
False
Is 46124159 prime?
True
Is 121729 prime?
False
Is 85577269 a composite number?
True
Is 273409057 a composite number?
True
Is 69883277 composite?
True
Is 353321 composite?
False
Is 3024877 prime?
True
Is 227699 a prime number?
True
Is 12351403 a composite number?
True
Is 102701 a composite number?
False
Is 56515817 a composite number?
False
Is 691753105 composite?
True
Is 4980743 a prime number?
False
Is 1879740515 a prime number?
False
Is 22890377 a composite number?
False
Is 3721537 prime?
True
Is 7928413 a composite number?
True
Is 13661623 a prime number?
True
Is 7687567 a prime number?
False
Is 106164587 a prime number?
False
Is 155926887 a composite number?
True
Is 33613537 prime?
True
Is 12329333 composite?
False
Is 422847539 composite?
False
Is 1416556805 composite?
True
Is 83077373 prime?
False
Is 357123253 a prime number?
True
Is 110887121 composite?
False
Is 150142177 a composite number?
False
Is 17693 prime?
False
Is 6807023 a prime number?
False
Is 10754929 prime?
True
Is 3902257 prime?
False
Is 985351 composite?
False
Is 97919 prime?
True
Is 639187 prime?
False
Is 1515601639 prime?
True
Is 200010983 a prime number?
True
Is 6797701 composite?
False
Is 5634619 prime?
False
Is 53142871 a prime number?
False
Is 33196243 a composite number?
False
Is 7525633 a prime number?
True
Is 11289167 composite?
False
Is 407567 a composite number?
False
Is 14026521 composite?
True
Is 55824293 a composite number?
True
Is 18657949 composite?
True
Is 2536753 composite?
False
Is 7090999 prime?
False
Is 290055169 composite?
False
Is 5399769 composite?
True
Is 665726